actors of 1647444768?
2, 3, 17160883
What are the prime factors of 107177629?
13, 43, 109, 1759
What are the prime factors of 1173371170?
2, 5, 97, 151, 8011
List the prime factors of 5882586914.
2, 127, 23159791
What are the prime factors of 2861876756?
2, 715469189
List the prime factors of 1857210470.
2, 5, 185721047
List the prime factors of 2740949575.
5, 7, 13, 1204813
List the prime factors of 2607347087.
251, 10387837
List the prime factors of 3506167902.
2, 3, 109, 617, 8689
What are the prime factors of 19600180?
2, 5, 67, 14627
List the prime factors of 8288954540.
2, 5, 113, 3667679
What are the prime factors of 32748208?
2, 173, 11831
List the prime factors of 113238264.
2, 3, 43, 179, 613
What are the prime factors of 1503894755?
5, 11, 2083, 13127
What are the prime factors of 209595148?
2, 7, 1069363
What are the prime factors of 234032184?
2, 3, 1741, 1867
What are the prime factors of 86656486?
2, 7, 59, 104911
List the prime factors of 21932436.
2, 3, 1827703
List the prime factors of 38517713.
13, 29, 71, 1439
List the prime factors of 2623175492.
2, 7, 19, 83, 59407
List the prime factors of 3942404995.
5, 788480999
What are the prime factors of 389636970?
2, 3, 5, 12987899
What are the prime factors of 100926009?
3, 223, 50287
List the prime factors of 4589880682.
2, 2294940341
What are the prime factors of 16012672?
2, 13, 9623
List the prime factors of 15388740.
2, 3, 5, 17, 47, 107
List the prime factors of 966986865.
3, 5, 13, 457, 3617
What are the prime factors of 74447395?
5, 11, 283, 4783
What are the prime factors of 1132090071?
3, 7, 311, 24763
What are the prime factors of 165040999?
191, 853, 1013
List the prime factors of 6914660.
2, 5, 345733
List the prime factors of 92488156.
2, 163, 141853
List the prime factors of 519720788.
2, 23, 1087, 5197
List the prime factors of 14125971.
3, 37, 127261
List the prime factors of 3067757899.
17, 1319, 136813
List the prime factors of 16812257.
7, 11, 29, 7529
What are the prime factors of 531098873?
1117, 475469
List the prime factors of 99866406.
2, 3, 41, 313, 1297
List the prime factors of 39931625.
5, 319453
List the prime factors of 598225053.
3, 17, 1657, 7079
List the prime factors of 751896408.
2, 3, 383, 81799
What are the prime factors of 123494133?
3, 7, 139, 42307
What are the prime factors of 234294120?
2, 3, 5, 72313
List the prime factors of 1848618.
2, 3, 102701
What are the prime factors of 439131767?
439131767
What are the prime factors of 3565852830?
2, 3, 5, 43, 921409
List the prime factors of 3405599510.
2, 5, 37, 421, 21863
What are the prime factors of 1023930297?
3, 13, 47, 79, 2357
List the prime factors of 558147986.
2, 11, 25370363
List the prime factors of 86457361.
59, 97, 15107
List the prime factors of 4035326.
2, 47, 42929
List the prime factors of 56763015.
3, 5, 31, 59, 2069
What are the prime factors of 17631372?
2, 3, 11, 133571
What are the prime factors of 26078393?
11, 19, 124777
List the prime factors of 465491600.
2, 5, 7, 166247
What are the prime factors of 1874903162?
2, 11, 6389, 13339
What are the prime factors of 180698241?
3, 60232747
What are the prime factors of 12908914?
2, 173, 37309
List the prime factors of 69750814.
2, 7, 733, 971
What are the prime factors of 88497697?
88497697
List the prime factors of 84940498.
2, 4871, 8719
List the prime factors of 4553741265.
3, 5, 1091, 278261
What are the prime factors of 480610067?
7, 68658581
What are the prime factors of 920862312?
2, 3, 113, 457, 743
What are the prime factors of 45417765?
3, 5, 3027851
List the prime factors of 13848213.
3, 4616071
List the prime factors of 586727160.
2, 3, 5, 89, 137, 401
What are the prime factors of 29830930?
2, 5, 661, 4513
List the prime factors of 134392233.
3, 44797411
List the prime factors of 1354649894.
2, 13, 5813, 8963
What are the prime factors of 1756889544?
2, 3, 67, 1092593
What are the prime factors of 1135528958?
2, 19, 1321, 22621
What are the prime factors of 119418169?
13, 31, 53, 5591
List the prime factors of 2460985164.
2, 3, 11, 449, 13841
List the prime factors of 9901111.
11, 131, 6871
List the prime factors of 289954413.
3, 7, 657493
What are the prime factors of 236881340?
2, 5, 2467, 4801
What are the prime factors of 293689485?
3, 5, 631, 10343
List the prime factors of 6163357.
6163357
List the prime factors of 5505550.
2, 5, 149, 739
List the prime factors of 1509879029.
16993, 88853
List the prime factors of 4311640034.
2, 13, 47, 3528347
List the prime factors of 2175301810.
2, 5, 11, 17, 1163263
What are the prime factors of 709566136?
2, 88695767
List the prime factors of 83447933.
23, 71, 137, 373
List the prime factors of 155964472.
2, 23, 31, 37, 739
List the prime factors of 366529647.
3, 11, 31, 358289
What are the prime factors of 26981957?
19, 991, 1433
List the prime factors of 1855475018.
2, 73, 12708733
What are the prime factors of 64277763?
3, 11, 1947811
List the prime factors of 4105768.
2, 199, 2579
List the prime factors of 3532387470.
2, 3, 5, 19, 6197171
List the prime factors of 89813956.
2, 3083, 7283
What are the prime factors of 56086806?
2, 3, 9347801
List the prime factors of 12994048.
2, 41, 619
What are the prime factors of 8097499?
53, 152783
What are the prime factors of 2796991961?
307, 9110723
What are the prime factors of 1106750753?
1217, 909409
What are the prime factors of 1495005011?
127, 11771693
List the prime factors of 2168756369.
13, 37, 719, 6271
List the prime factors of 277384586.
2, 138692293
What are the prime factors of 186773744?
2, 137, 139, 613
What are the prime factors of 764139586?
2, 7, 691, 78989
What are the prime factors of 44652832?
2, 7, 199343
List the prime factors of 8310662431.
619, 2971, 4519
What are the prime factors of 1765698821?
103, 373, 45959
List the prime factors of 447960605.
5, 89592121
List the prime factors of 39054995.
5, 7, 1115857
What are the prime factors of 4826308357?
13, 151, 2458639
What are the prime factors of 287996671?
43, 6697597
What are the prime factors of 16013188?
2, 4003297
What are the prime factors of 1114289986?
2, 311, 1791463
What are the prime factors of 67574625?
3, 5, 79, 2281
List the prime factors of 1261694509.
23, 3371, 16273
List the prime factors of 44749490.
2, 5, 23, 53, 3671
What are the prime factors of 90360650?
2, 5, 1807213
What are the prime factors of 384820917?
3, 13, 9867203
List the prime factors of 2472986875.
5, 3956779
What are the prime factors of 29107408?
2, 11, 165383
What are the prime factors of 943177380?
2, 3, 5, 419, 37517
What are the prime factors of 18842236?
2, 7, 672937
List the prime factors of 49527120.
2, 3, 5, 17, 61, 199
What are the prime factors of 1052749275?
3, 5, 14036657
List the prime factors of 896100021.
3, 19, 5240351
List the prime factors of 3953638568.
2, 11, 31, 46751
What are the prime factors of 264944689?
264944689
List the prime factors of 1924185926.
2, 13, 173, 427787
What are the prime factors of 1273197176?
2, 461, 345227
What are the prime factors of 222905370?
2, 3, 5, 7430179
List the prime factors of 21740561.
167, 130183
What are the prime factors of 24583587?
3, 7, 19, 61613
What are the prime factors of 642824634?
2, 3, 191, 560929
List the prime factors of 34706567.
7, 997, 4973
What are the prime factors of 16014433?
3803, 4211
List the prime factors of 23978173.
1571, 15263
What are the prime factors of 46936868?
2, 11, 37, 2621
List the prime factors of 109113092.
2, 11, 1091, 2273
List the prime factors of 1317361565.
5, 13, 20267101
List the prime factors of 862612341.
3, 719, 399913
List the prime factors of 35872268.
2, 83, 167, 647
What are the prime factors of 3035355842?
2, 449, 3380129
List the prime factors of 230261653.
29, 337, 23561
List the prime factors of 207206423.
4799, 43177
What are the prime factors of 1361484231?
3, 453828077
What are the prime factors of 592491440?
2, 5, 19, 389797
What are the prime factors of 26717759?
26717759
List the prime factors of 18637597.
11, 1694327
List the prime factors of 118521736.
2, 809, 18313
What are the prime factors of 243794179?
243794179
List the prime factors of 9233697.
3, 11, 73, 3833
List the prime factors of 196312696.
2, 653, 37579
List the prime fact